{"id":86,"date":"2015-07-11T12:14:56","date_gmt":"2015-07-11T12:14:56","guid":{"rendered":"http:\/\/www.akro-kartuzy.pl\/?page_id=86"},"modified":"2015-07-11T12:14:56","modified_gmt":"2015-07-11T12:14:56","slug":"bialy-montaz-urzadzen-sanitarnych","status":"publish","type":"page","link":"https:\/\/www.akro-kartuzy.pl\/?page_id=86","title":{"rendered":"Bia\u0142y monta\u017c urz\u0105dze\u0144 sanitarnych"},"content":{"rendered":"<p>Monta\u017c Geberitu<br \/>\nZamontowanie bidetu, sedesu<br \/>\nZamontowanie umywalki lub zlewozmywaka<br \/>\nMonta\u017c wanny wraz bateri\u0105<br \/>\nMonta\u017c wanny z hydromasa\u017cem<br \/>\nMonta\u017c brodzika razem z kabin\u0105 i bateri\u0105 prysznicow\u0105<br \/>\nZamontowanie baterii \u0142azienkowej lub kuchennej<br \/>\nInstalacja panelu prysznicowego<br \/>\nInstalacja panelu prysznicowego z hydromasa\u017cem<\/p>\n","protected":false},"excerpt":{"rendered":"<p>Monta\u017c Geberitu Zamontowanie bidetu, sedesu Zamontowanie umywalki lub zlewozmywaka Monta\u017c wanny wraz bateri\u0105 Monta\u017c wanny z hydromasa\u017cem Monta\u017c brodzika razem z kabin\u0105 i bateri\u0105 prysznicow\u0105 Zamontowanie baterii \u0142azienkowej lub kuchennej Instalacja panelu prysznicowego Instalacja panelu prysznicowego z hydromasa\u017cem<\/p>\n","protected":false},"author":1,"featured_media":0,"parent":0,"menu_order":0,"comment_status":"open","ping_status":"open","template":"","meta":[],"_links":{"self":[{"href":"https:\/\/www.akro-kartuzy.pl\/index.php?rest_route=\/wp\/v2\/pages\/86"}],"collection":[{"href":"https:\/\/www.akro-kartuzy.pl\/index.php?rest_route=\/wp\/v2\/pages"}],"about":[{"href":"https:\/\/www.akro-kartuzy.pl\/index.php?rest_route=\/wp\/v2\/types\/page"}],"author":[{"embeddable":true,"href":"https:\/\/www.akro-kartuzy.pl\/index.php?rest_route=\/wp\/v2\/users\/1"}],"replies":[{"embeddable":true,"href":"https:\/\/www.akro-kartuzy.pl\/index.php?rest_route=%2Fwp%2Fv2%2Fcomments&post=86"}],"version-history":[{"count":1,"href":"https:\/\/www.akro-kartuzy.pl\/index.php?rest_route=\/wp\/v2\/pages\/86\/revisions"}],"predecessor-version":[{"id":87,"href":"https:\/\/www.akro-kartuzy.pl\/index.php?rest_route=\/wp\/v2\/pages\/86\/revisions\/87"}],"wp:attachment":[{"href":"https:\/\/www.akro-kartuzy.pl\/index.php?rest_route=%2Fwp%2Fv2%2Fmedia&parent=86"}],"curies":[{"name":"wp","href":"https:\/\/api.w.org\/{rel}","templated":true}]}}