{"id":80,"date":"2015-07-11T12:13:22","date_gmt":"2015-07-11T12:13:22","guid":{"rendered":"http:\/\/www.akro-kartuzy.pl\/?page_id=80"},"modified":"2015-07-11T12:13:22","modified_gmt":"2015-07-11T12:13:22","slug":"flizowanie","status":"publish","type":"page","link":"https:\/\/www.akro-kartuzy.pl\/?page_id=80","title":{"rendered":"Flizowanie"},"content":{"rendered":"<p>Usuwanie starej glazury i terakoty<br \/>\nWyr\u00f3wnanie, tynkowanie i przygotowanie \u015bcian do po\u0142o\u017cenia nowej glazury<br \/>\nUk\u0142adanie p\u0142ytek<br \/>\nUk\u0142adanie glazury i terakoty<br \/>\nUk\u0142adanie gresu<br \/>\nUk\u0142adanie mozaiki<br \/>\nUk\u0142adanie glazury i terakoty na schodach<br \/>\nWykonanie coko\u0142\u00f3w ci\u0119tych<br \/>\nWykonanie otwor\u00f3w w glazurze, gresie i terakocie<br \/>\nWklejenie dekor\u00f3w<br \/>\nWykonanie p\u00f3\u0142ki z glazury<br \/>\nFugowanie<br \/>\nObudowa wanny klasycznej<br \/>\nObudowa wanny p\u00f3\u0142okr\u0105g\u0142ej<br \/>\nObudowa brodzika<br \/>\nWykonanie posadzki samopoziomuj\u0105cej<br \/>\nSzlifowanie naro\u017cnik\u00f3w<br \/>\nMonta\u017c listew naro\u017cnych<br \/>\nWykonanie rewizji na magnesach<\/p>\n","protected":false},"excerpt":{"rendered":"<p>Usuwanie starej glazury i terakoty Wyr\u00f3wnanie, tynkowanie i przygotowanie \u015bcian do po\u0142o\u017cenia nowej glazury Uk\u0142adanie p\u0142ytek Uk\u0142adanie glazury i terakoty Uk\u0142adanie gresu Uk\u0142adanie mozaiki Uk\u0142adanie glazury i terakoty na schodach Wykonanie coko\u0142\u00f3w ci\u0119tych Wykonanie otwor\u00f3w w glazurze, gresie i terakocie Wklejenie dekor\u00f3w Wykonanie p\u00f3\u0142ki z glazury Fugowanie Obudowa wanny klasycznej Obudowa wanny p\u00f3\u0142okr\u0105g\u0142ej Obudowa brodzika [&hellip;]<\/p>\n","protected":false},"author":1,"featured_media":0,"parent":0,"menu_order":0,"comment_status":"open","ping_status":"open","template":"","meta":[],"_links":{"self":[{"href":"https:\/\/www.akro-kartuzy.pl\/index.php?rest_route=\/wp\/v2\/pages\/80"}],"collection":[{"href":"https:\/\/www.akro-kartuzy.pl\/index.php?rest_route=\/wp\/v2\/pages"}],"about":[{"href":"https:\/\/www.akro-kartuzy.pl\/index.php?rest_route=\/wp\/v2\/types\/page"}],"author":[{"embeddable":true,"href":"https:\/\/www.akro-kartuzy.pl\/index.php?rest_route=\/wp\/v2\/users\/1"}],"replies":[{"embeddable":true,"href":"https:\/\/www.akro-kartuzy.pl\/index.php?rest_route=%2Fwp%2Fv2%2Fcomments&post=80"}],"version-history":[{"count":1,"href":"https:\/\/www.akro-kartuzy.pl\/index.php?rest_route=\/wp\/v2\/pages\/80\/revisions"}],"predecessor-version":[{"id":81,"href":"https:\/\/www.akro-kartuzy.pl\/index.php?rest_route=\/wp\/v2\/pages\/80\/revisions\/81"}],"wp:attachment":[{"href":"https:\/\/www.akro-kartuzy.pl\/index.php?rest_route=%2Fwp%2Fv2%2Fmedia&parent=80"}],"curies":[{"name":"wp","href":"https:\/\/api.w.org\/{rel}","templated":true}]}}