{"id":77,"date":"2015-07-11T12:12:29","date_gmt":"2015-07-11T12:12:29","guid":{"rendered":"http:\/\/www.akro-kartuzy.pl\/?page_id=77"},"modified":"2015-07-11T12:12:29","modified_gmt":"2015-07-11T12:12:29","slug":"sciany-i-podlogi","status":"publish","type":"page","link":"https:\/\/www.akro-kartuzy.pl\/?page_id=77","title":{"rendered":"\u015aciany i pod\u0142ogi"},"content":{"rendered":"<p>Po\u0142o\u017cenie wyk\u0142adziny dywanowej<br \/>\nListwy wyko\u0144czeniowe o\u015bcie\u017cnic<br \/>\nMonta\u017c paneli pod\u0142ogowych<br \/>\nMonta\u017c paneli \u015bciennych<br \/>\nZrywanie p\u0142ytek PCV<br \/>\nUk\u0142adanie deski<br \/>\nPodcinanie drzwi<br \/>\nMonta\u017c prog\u00f3w<br \/>\nUk\u0142adanie parkietu<br \/>\nUk\u0142adanie mozaiki<br \/>\nZrywanie starych wyk\u0142adzin<br \/>\n\u015aci\u0105ganie starego parkietu<br \/>\nObsadzanie parapet\u00f3w na piank\u0119 z reperacjami<br \/>\nWykonanie rusztu z listew i monta\u017c boazerii z drewna<br \/>\nSzlifowanie boazerii  i lakierowanie<br \/>\nWstawienie listew dylatacyjnych<br \/>\nPo\u0142o\u017cenie wyk\u0142adziny typ (PCV)<br \/>\nMonta\u017c coko\u0142\u00f3w z doci\u0119ciem i przyklejeniem paska wyk\u0142adziny<br \/>\nCyklinowanie i lakierowanie<\/p>\n","protected":false},"excerpt":{"rendered":"<p>Po\u0142o\u017cenie wyk\u0142adziny dywanowej Listwy wyko\u0144czeniowe o\u015bcie\u017cnic Monta\u017c paneli pod\u0142ogowych Monta\u017c paneli \u015bciennych Zrywanie p\u0142ytek PCV Uk\u0142adanie deski Podcinanie drzwi Monta\u017c prog\u00f3w Uk\u0142adanie parkietu Uk\u0142adanie mozaiki Zrywanie starych wyk\u0142adzin \u015aci\u0105ganie starego parkietu Obsadzanie parapet\u00f3w na piank\u0119 z reperacjami Wykonanie rusztu z listew i monta\u017c boazerii z drewna Szlifowanie boazerii i lakierowanie Wstawienie listew dylatacyjnych Po\u0142o\u017cenie wyk\u0142adziny [&hellip;]<\/p>\n","protected":false},"author":1,"featured_media":0,"parent":0,"menu_order":0,"comment_status":"open","ping_status":"open","template":"","meta":[],"_links":{"self":[{"href":"https:\/\/www.akro-kartuzy.pl\/index.php?rest_route=\/wp\/v2\/pages\/77"}],"collection":[{"href":"https:\/\/www.akro-kartuzy.pl\/index.php?rest_route=\/wp\/v2\/pages"}],"about":[{"href":"https:\/\/www.akro-kartuzy.pl\/index.php?rest_route=\/wp\/v2\/types\/page"}],"author":[{"embeddable":true,"href":"https:\/\/www.akro-kartuzy.pl\/index.php?rest_route=\/wp\/v2\/users\/1"}],"replies":[{"embeddable":true,"href":"https:\/\/www.akro-kartuzy.pl\/index.php?rest_route=%2Fwp%2Fv2%2Fcomments&post=77"}],"version-history":[{"count":1,"href":"https:\/\/www.akro-kartuzy.pl\/index.php?rest_route=\/wp\/v2\/pages\/77\/revisions"}],"predecessor-version":[{"id":78,"href":"https:\/\/www.akro-kartuzy.pl\/index.php?rest_route=\/wp\/v2\/pages\/77\/revisions\/78"}],"wp:attachment":[{"href":"https:\/\/www.akro-kartuzy.pl\/index.php?rest_route=%2Fwp%2Fv2%2Fmedia&parent=77"}],"curies":[{"name":"wp","href":"https:\/\/api.w.org\/{rel}","templated":true}]}}